-2044*w + 3917. Determine o(2).
-171
Let t(y) = -14*y - 3353. Give t(-226).
-189
Let b(x) = 6*x**2 - 279*x + 2191. Determine b(35).
-224
Let t(d) = -48*d**2 + 3131*d - 48443. Give t(40).
-3
Let k(v) = -135*v - 14400. Calculate k(-103).
-495
Let b(f) = 2*f**3 - 461*f**2 + 3767*f + 1520. What is b(222)?
-34
Let n(g) = -799*g**2 - 11962*g + 377. Calculate n(-15).
32
Let f(a) = -a**2 - 2150*a + 12919. Give f(6).
-17
Let l(a) = 4*a**2 - 117*a + 842. Determine l(17).
9
Let q(u) = -2*u**2 + 1434*u - 50339. Give q(37).
-19
Let i(z) = 2*z**3 + 668*z**2 + z + 337. Give i(-334).
3
Let l(w) = -28730*w**2 - 172386*w - 26. Determine l(-6).
10
Let q(o) = -16*o**2 - 34*o + 449. Calculate q(8).
-847
Let d(q) = q**3 - 24*q**2 + 126*q - 444. Determine d(8).
-460
Let j(k) = -44*k**2 + 875*k - 746. Give j(19).
-5
Let y(s) = -528*s**2 - 19627*s + 16604. Calculate y(-38).
-2
Let s(d) = -d**2 - 33441*d + 18902329. Give s(556).
-3
Let q(o) = 4*o**2 + 1124*o + 21648. Determine q(-21).
-192
Let h(j) = -j**3 - 1994*j**2 + 14028*j - 140. Give h(7).
7
Let u(s) = 2*s**3 + 4*s**2 + 62*s - 131. Give u(9).
2209
Let x(n) = -2*n**3 + 64*n**2 + 78*n - 2570. What is x(32)?
-74
Let j(f) = 5*f**2 + 1033*f + 534. What is j(-206)?
-84
Let y(n) = -n**2 + 7740*n - 681025. Calculate y(89).
-86
Let z(n) = 2*n**2 - 783*n + 39253. Determine z(59).
18
Let j(h) = 114*h - 753. Give j(2).
-525
Let g(y) = 2376*y - 166358. Determine g(70).
-38
Let n(d) = 10233*d - 112584. Give n(11).
-21
Let h(w) = -16*w**2 + 1182*w - 1069. Determine h(73).
-47
Let w(b) = 2*b**3 + 163*b**2 - 1335*b - 90138. What is w(-83)?
0
Let g(w) = -2*w**3 - 30*w**2 + 151*w - 194. Determine g(3).
-65
Let v(d) = d**2 + 9302*d + 5567749. Calculate v(-643).
12
Let o(a) = -a**3 - 2*a**2 - 11*a - 130. Calculate o(0).
-130
Let f(j) = 3*j**2 - 35*j - 90. Give f(0).
-90
Let n(m) = 20*m**3 + 101*m**2 + 84*m - 16. Determine n(-1).
-19
Let n(s) = -s**3 - 423*s**2 - 9*s - 13. What is n(0)?
-13
Let h(k) = 36*k**2 + 1602*k - 818. What is h(-45)?
-8
Let k(h) = -h**3 - 3807*h**2 + 126722*h - 90. Give k(33).
-24
Let r(w) = -3974783*w + 23848694. Calculate r(6).
-4
Let t(b) = -38*b**2 - 1608*b - 1367. Determine t(-41).
683
Let h(v) = 103*v**2 - 7415*v + 257. What is h(72)?
329
Let p(f) = f**3 + 240*f**2 - 4644*f - 97. Calculate p(-258).
-97
Let o(s) = -212*s**2 + 613*s + 3757. Determine o(-3).
10
Let b(h) = 20*h**3 + 3983*h**2 + 598*h + 310. Calculate b(-199).
111
Let x(m) = 9*m**3 + 26*m**2 + 2*m + 58. Determine x(-5).
-427
Let t(i) = 86*i**2 + 204*i - 366. Calculate t(3).
1020
Let j(s) = 11*s**2 - 1579*s + 2359. Give j(142).
-55
Let f(x) = 2*x**3 + 3*x**2 - 82*x + 55. Calculate f(6).
103
Let w(y) = y**3 - 21*y**2 + 62*y + 35. Calculate w(4).
11
Let m(k) = 22*k - 6. What is m(-6)?
-138
Let f(y) = -y**3 - 60*y**2 - 279*y + 11273. Calculate f(-50).
223
Let h(t) = -t**3 - 268*t**2 - 2075*t + 3961. Give h(-260).
2661
Let j(b) = -18924*b - 169721. Give j(-9).
595
Let q(k) = -7*k**3 + 514*k**2 + 265*k + 2360. Calculate q(74).
66
Let o(k) = -k**3 + 29*k**2 + 231*k - 2058. Calculate o(34).
16
Let w(x) = -3353*x + 18977. Determine w(6).
-1141
Let p(d) = -1546*d**3 + 9248*d**2 - 6*d + 3. Determine p(6).
-1041
Let a(u) = -6*u**2 - 219*u - 320. Calculate a(-35).
-5
Let i(z) = -z**3 + 55*z**2 - 741*z - 15. Calculate i(32).
-175
Let k(w) = w**3 - 31*w**2 + 81*w + 329. What is k(27)?
-400
Let c(n) = 3*n**3 + 5*n**2 - 196*n + 89. What is c(10)?
1629
Let b(i) = i**2 - 6195*i - 180488. What is b(-29)?
8
Let f(v) = 4638*v - 32853. Give f(7).
-387
Let d(w) = -2*w**3 - 45*w**2 - 1016*w + 6338. Determine d(5).
-117
Let w(r) = -672*r + 5290. Calculate w(8).
-86
Let y(b) = 8*b**2 - 3696*b - 2. Determine y(462).
-2
Let t(o) = -792101*o + 6336802. What is t(8)?
-6
Let f(t) = t**2 - 32*t - 77579. Determine f(293).
-1106
Let t(q) = 3*q**2 - 2732*q + 16459. Determine t(6).
175
Let a(u) = 6471*u - 2753. Determine a(1).
3718
Let z(n) = 2996*n**2 + 20978*n + 41. What is z(-7)?
-1
Let v(s) = -7*s**2 - 4637*s + 46217. Determine v(10).
-853
Let m(v) = 3*v**2 - 85*v + 542. Determine m(11).
-30
Let f(l) = -4*l**3 + 275*l**2 + 69*l - 184. What is f(69)?
-184
Let f(a) = -a**3 - a**2 - 84*a + 87. Determine f(1).
1
Let f(q) = 41*q**2 + 12735*q - 51554. Calculate f(4).
42
Let l(c) = 6410*c + 33908. What is l(-5)?
1858
Let y(m) = -2*m**3 - 28*m**2 + 1493*m + 25188. Calculate y(-21).
9
Let j(x) = x**2 - 1229*x - 19933. Give j(-16).
-13
Let b(d) = 395*d + 5203. Give b(-13).
68
Let i(h) = h**2 - 344*h - 1332313. Determine i(-995).
-8
Let r(x) = -2*x**3 - 568*x**2 + 29605*x - 1644. Calculate r(-329).
1
Let f(i) = -32*i**2 + 1169*i - 594. Calculate f(36).
18
Let j(x) = -22920*x - 10038954. Give j(-438).
6
Let c(k) = 17365*k - 190978. Give c(11).
37
Let d(j) = -338848*j + 1355226. What is d(4)?
-166
Let i(r) = -3*r**3 + 452*r**2 - 292*r - 1249. What is i(150)?
-49
Let x(n) = -13*n**2 + 299*n + 6758. Calculate x(-14).
24
Let a(q) = 2*q**2 - 579*q + 41819. Determine a(138).
5
Let l(v) = -2648*v + 624874. Give l(236).
-54
Let t(w) = w**3 + 89*w**2 - 863*w + 14. What is t(9)?
185
Let x(m) = -8405*m - 167666. Give x(-20).
434
Let s(k) = 2*k**3 + 74*k**2 + 89*k + 558. Give s(-36).
-54
Let m(o) = -4*o**2 + 56*o - 122. Give m(16).
-250
Let r(o) = -8*o**3 - 45*o**2 - 182*o - 11. Determine r(-5).
774
Let v(j) = 44214*j + 44259. Determine v(-1).
45
Let g(c) = -c**3 - c**2 + 43*c + 14. Give g(-7).
7
Let q(t) = 5*t**3 - 580*t**2 - 3658*t + 15. Calculate q(-6).
3
Let a(y) = -142*y**2 - 10937*y - 372. What is a(-77)?
-141
Let p(r) = 12345*r + 271589. Determine p(-22).
-1
Let t(n) = -n**3 + 536*n**2 - 6299*n + 5770. What is t(524)?
6
Let l(j) = j**3 + 17*j**2 + 64*j + 485. Give l(-15).
-25
Let r(z) = 52*z**3 - 8*z**2 - 33*z + 100. Determine r(2).
418
Let n(v) = -97481*v + 487404. Calculate n(5).
-1
Let f(p) = -26*p**2 + 570*p - 122. Calculate f(21).
382
Let m(y) = y**3 - 42*y**2 + 680*y - 43033. What is m(47)?
-28
Let h(i) = -13*i**3 + 443*i - 2199. Give h(5).
-1609
Let p(z) = 2097*z - 12318. What is p(6)?
264
Let o(t) = -t**2 + 150*t + 21299. Determine o(239).
28
Let l(s) = -s**3 + 134*s**2 - 671*s + 1521. Determine l(129).
-1833
Let s(v) = -7912*v + 94815. What is s(12)?
-129
Let j(b) = 3*b**2 + 8413*b + 582203. Determine j(-71).
3
Let n(d) = 4*d + 34. What is n(53)?
246
Let l(x) = -2*x**3 - 150*x**2 + 2264*x - 2107. Give l(-88).
5
Let j(v) = -11*v**2 - 4717*v + 9487. Calculate j(2).
9
Let l(k) = -k**2 - 3606*k + 279855. Calculate l(76).
23
Let u(f) = 1397*f + 14653. Determine u(-11).
-714
Let w(y) = -295*y**2 - 23*y + 10. Determine w(1).
-308
Let q(b) = -2*b**3 - 959*b**2 + 1534*b + 43781. Calculate q(-481).
10
Let o(v) = v**3 - 107*v**2 + 1167*v + 3200. Calculate o(15).
5
Let d(z) = -8*z**2 - 528*z - 924. What is d(-6)?
1956
Let q(c) = -2*c**3 + 1968*c**2 - 2014*c + 47162. Calculate q(983).
-22
Let i(h) = -3*h**3 + 28*h**2 + 4*h + 75. What is i(14)?
-2613
Let i(u) = -u**2 + 830*u - 170702. What is i(376)?
2
Let k(m) = -32*m**2 - 516*m + 3613. Determine k(7).
-1567
Let a(b) = 12*b - 152. Determine a(-6).
-224
Let r(w) = -w**2 + 2642*w + 18540. Give r(-7).
-3
Let n(w) = 3*w**3 - 117*w**2 - 734*w - 69. Give n(-6).
-525
Let c(p) = -64*p**2 + 92*p + 576. Calculate c(-6).
-2280
Let a(r) = r**3 - 7*r**2 + 3*r - 20. Calculate a(6).
-38
Let z(t) = -18*t**2 - 16048*t + 113214. Calculate z(7).
-4
Let k(a) = 2371*a + 74778. Determine k(-31).
1277
Let v(g) = -g**2 + 42*g + 9697. Determine v(-84).
-887
Let c(o) = o**2 - 46259*o - 925593. What is c(-20)?
-13
Let t(h) = -h**3 - 102*h**2 - 1393*h - 51. Calculate t(-86).
1411
Let k(d) = 140*d + 1419. Calculate k(-10).
19
Let g(i) = 46102*i + 276806. Calculate g(-6).
194
Let t(h) = -3*h**3 - 279*h**2 - 27*h - 2576. Give t(-93).
-65
Let p(h) = -h**3 - 203*h**2 + 10*h + 2031. Give p(-203).
1
Let r(f) = 855*f + 172716. Give r(-202).
6
Let l(x) = 3204*x + 99209. Give l(-31).
-115
Let b(z) = -12*z**3 + 19899*z**2 - 5022*z + 79598. Calculate b(1658).
14
Let m(b) = -3*b**2 + 772*b + 7510. Calculate m(266).
594
Let j(u) = -315*u**3 - 25*u**2 + 5*u - 2. What is j(1)?
-337
Let g(h) = -5*h**2 + 5901*h + 23588. Calculate g(-4).
-96
Let i(g) = 4*g**2 - 351*g - 6753. Calculate i(105).
492
Let j(o) = 40*o**3 - 6*o**2 - 6. Determine j(-3).
-1140
Let f(t) = t**2 - 2054*t + 843131. W